 h(b) = 24*j(b) + 5*w(b). What is the tens digit of h(f)?
0
Let q be -1 + (-2)/(10/(-15)). Let l be 15*(-310)/(-15) + q. Suppose 2*i + 16 = 6*i, 4*i = 4*k - l. What is the units digit of k?
2
Let v be (-2 + 0)/((-4)/(-62)). Suppose 0 = -10*a - 2*a + 768. Let o = a + v. What is the units digit of o?
3
Suppose -3*o + 4868 = -5*a, -16*o - 5*a = -17*o + 1606. Suppose 5*p - 404 = o. What is the units digit of p?
7
Let k be (114/190)/(2/2540). Suppose -a + k = 4*c, -3*a + 0*c - 5*c + 2286 = 0. What is the units digit of a?
2
Let q = 12760 - 4832. What is the units digit of q?
8
Let t(x) = -71*x - 19. Let i = 816 + -820. What is the units digit of t(i)?
5
Let z(a) = 3364*a**2 + 102*a + 202. What is the tens digit of z(-2)?
5
Let f be 2/4 + 21/(-42) - -910. Let q = 1580 - f. What is the hundreds digit of q?
6
Suppose -3*c - 38337 = -279*m + 276*m, -2*c = 10. What is the hundreds digit of m?
7
Suppose m = -4*p + 25738, -2*m + 2*p - 10453 = -61899. What is the hundreds digit of m?
7
Suppose -86*f = -83*f - 789. Suppose 0 = -12*a - 805 - f. Let z = a - -268. What is the tens digit of z?
7
Suppose -2*k + t = -686, 4*t - 690 = -2*k + 3*t. Suppose 5*g + 5*s = 158 - 718, 0 = 3*g + s + k. Let a = -106 - g. What is the units digit of a?
0
What is the tens digit of (-1 - 7/(-5)) + ((-2986417512)/(-390))/108?
0
Let p(d) = 4*d + 48. Let u be p(-10). Let f(k) = k**2 + 4*k + 13. Let a(v) = 1. Let i(b) = 6*a(b) + f(b). What is the hundreds digit of i(u)?
1
Suppose 0 = 17*k - 18*k + 1200. Let b = k - 742. What is the tens digit of b?
5
Let p(q) = 58*q**2 + 17*q + 305. What is the ten thousands digit of p(-14)?
1
Suppose 3*c = -257*q + 258*q + 43627, -4*c = 2*q - 58166. What is the ten thousands digit of c?
1
What is the tens digit of 1188/72*2324/6?
9
Let o = 203 + 304. Let v = -211 + o. What is the tens digit of v?
9
Let u = -40 + 44. Suppose 19 = 6*k - 5*k - 3*f, -u*f = 3*k - 5. Suppose k*l - 288 - 699 = 0. What is the tens digit of l?
4
Suppose 333*m = 253*m + 1106640. What is the units digit of m?
3
Let l = -826 - -761. Let d = 185 - 24. Let u = l + d. What is the units digit of u?
6
Let d be (398*(-2)/(-8))/(1/(-2)). Let g = -136 - d. Suppose 13*r - 2572 = -g. What is the hundreds digit of r?
1
Let o(f) = -43*f**3 - f**2 - 4. Let t be o(-2). Suppose -c = -14 + 9. Suppose 3*k - 520 = -c*x, 3*x - 4*k = -k + t. What is the hundreds digit of x?
1
Suppose 0 = -48*b + 5*b + 516. Suppose d - b*d = -10483. What is the hundreds digit of d?
9
Let r(i) = -4*i**3 - 16*i**2 - 50*i - 17. Let z = 345 + -352. What is the hundreds digit of r(z)?
9
Let m(s) = -4*s**3 - 49*s**2 - 47*s - 6. What is the ten thousands digit of m(-20)?
1
Let r(j) = -j + 2. Let k(o) = -9*o**2 - 17*o - 91. Let g(b) = -k(b) + 5*r(b). What is the hundreds digit of g(-8)?
5
Let i(q) = -1126*q + 952. What is the units digit of i(-5)?
2
Suppose 22 - 53 = -r. Let m = 37 - r. Suppose 0 = m*l - 2*l - 108. What is the units digit of l?
7
Let n be 0 + -4 - 2*(-4044)/24. Let v = n - 38. What is the units digit of v?
5
Suppose 4*q - 100 + 92 = 0. Suppose 0 = -q*u - 8*u + 13690. What is the tens digit of u?
6
Let k(x) = x**3 - 19*x**2 + 18*x + 35. Suppose -y - 3*z = y - 37, 4*z + 44 = 2*y. Let g be 45/y*(12 + -4). What is the tens digit of k(g)?
3
Let u = 7991 + -4511. What is the units digit of u?
0
Let b = 169 - 178. What is the units digit of ((-291)/(-4) + 1)/(b/(-36))?
5
Suppose -9*v + 8*v = 0. Let n = v + 4. What is the tens digit of n/(-3)*30/(-4)?
1
Let t(b) = 7*b**2 - 13*b + 2. Suppose -3*x - 2*x + 2*z = 30, -2*x - 12 = -4*z. What is the hundreds digit of t(x)?
3
Suppose n - 13 = -2*n - c, -3*n + 2*c + 1 = 0. Suppose 2*s = 3*s + 2*v - 10, 5*v - 11 = s. Suppose -s*a + 4 = -n*a. What is the units digit of a?
4
Let t be 620/(-93)*(-222)/5. Let p = 221 + t. What is the tens digit of p?
1
Let z(p) = p**3 - 15*p**2 - p + 20. Let i be z(15). What is the hundreds digit of ((-105)/25 + i)*205?
1
What is the thousands digit of 54/(-24)*(-10784)/6?
4
Suppose 3074 = -22*g + 43114. Suppose -g = -4*u - 3*s + 969, 2*u + 3*s - 1387 = 0. What is the hundreds digit of u?
7
Suppose -j + 1 = 4*v - 13, 0 = j - 3*v + 7. Let h be j/25*5*10. Suppose h = 6*k - 2. What is the units digit of k?
1
Let o = -230 + 237. Suppose -o*v + 269 = -6*v. What is the hundreds digit of v?
2
Suppose -6*c = 4 - 52. Let b be 60/((c - 7) + 14/(-10)). Let y = b - -249. What is the tens digit of y?
9
Let b = 258 + -526. Suppose 3*o + 201 = -213. Let y = o - b. What is the tens digit of y?
3
Let a(i) = -i**2 - 8*i - 11. Let x be a(-3). Suppose 4*z = b + x*b - 2448, 3*b - 3*z = 1467. Let k = b - 296. What is the units digit of k?
6
Let a(u) = -2*u**2 - 24*u - 16. Let r be a(-12). Let b be 2/((r/(-2628))/2). Suppose -6*d + b = -507. What is the hundreds digit of d?
1
Let k(u) = -u**3 + 39*u**2 - 124*u - 13. What is the hundreds digit of k(32)?
1
What is the units digit of -2*((-177619)/(-26))/((-3)/6)?
6
Let r be (24/(-6) + 2)/(-1). Let a(k) = -k**3 - 6*k**2 + 9. Let s be a(-7). What is the tens digit of s - (r/(-1) + -1)*1?
6
Suppose -7*w + 2*m + 329618 = 0, 3*m - 55082 = -2*w + 39066. What is the thousands digit of w?
7
Let i = 9 - 1. Suppose 69 + 11 = i*z. What is the units digit of z + 11 + (2/1 - -1)?
4
Let l = -3311 - -4029. What is the hundreds digit of l?
7
Let f = 1487 - 1480. Let i = -28 - -48. Suppose -d = 5*z - f - 14, 5*z + i = 0. What is the tens digit of d?
4
Let l(w) = 4*w**2 - 5*w + 12. Let q be l(2). What is the tens digit of ((-2381)/(-7) - q/126) + -5?
3
Let x(c) = -19*c - 21*c + 111 + 78*c - 20*c. What is the hundreds digit of x(12)?
3
Let n(j) = 47*j - 89. Let w be n(18). Suppose 13*b - 18*b + 632 = 4*d, 5*d - w = 2*b. What is the units digit of d?
3
Let b be 1/((-7)/7 - (-3)/2). Suppose 546 = b*u + 5*v, u - 274 = -v - v. What is the hundreds digit of u/2 - -3 - 2?
1
Let u be (-2)/1 + 5 + 0. Suppose -u*x = 3*x - 24. Suppose -x*v + 60 = -12. What is the tens digit of v?
1
Let k = -6544 + 9729. Suppose -k = 27*p - 34*p. What is the tens digit of p?
5
Suppose 30*k + 194777 - 205603 = 594274. What is the thousands digit of k?
0
Suppose -4*n = -2*v + 149242, -2*n - 3*n = 5*v - 373210. What is the tens digit of v?
3
Suppose 5*z - 23*z = -41*z + 158769. What is the hundreds digit of z?
9
Let x = -203 + 546. Let t be (-4)/(48/(-9)) + x/28. Suppose -228 = -16*m + t*m. What is the tens digit of m?
7
Let b(x) = -2*x**2 + 8*x + 17. Let v be b(6). Let d(z) = 2*z + 8. Let u be d(v). What is the tens digit of -6*(-99)/u*-1?
9
Suppose -307 = 2*t + 589. Let n = t + 831. What is the units digit of n?
3
Let b = -7468 + 10168. What is the hundreds digit of b?
7
Let j = -692 + 880. Let w = 432 - j. What is the units digit of w?
4
Let f be 3/(4/((-16)/3)) - 74. Let a = f - -120. What is the units digit of a?
2
What is the tens digit of ((-75)/(-225))/((-8)/(-6))*23164?
9
Let n be (39 - (1 + -1))*40/60. Suppose 5*v - n*i + 23*i = 32, -5*v - 5*i = 0. What is the units digit of v?
4
Suppose 0 = 2*l + 3*g - 23, -4*l + 3*l - 1 = -g. Suppose -y - l = -5*y. What is the units digit of (y + 221 - -4)/2?
3
Let n = -3065 + 7701. What is the tens digit of n?
3
Let f(y) = -2*y**2 - 98*y + 109. Let a be f(-50). Suppose 12*w = 9*w - a, 1227 = 3*c - 2*w. What is the tens digit of c?
0
Suppose -5*l + 3*u + 210537 = 0, -126339 + 42180 = -2*l - 5*u. What is the ten thousands digit of l?
4
Let x(m) = 29*m**2 - 4*m - 16. Suppose 4*b - 12 = -3*o, -o - 6 = -4*b - 10. What is the units digit of x(o)?
2
Let u(s) = 143*s**2 - 2*s - 3. Let a be u(-2). Let t = a + 106. Suppose 6*l - t + 265 = 0. What is the tens digit of l?
6
Let t be 2298*(4/4)/(4 + -2). Suppose -4*s - l = -5*l - 908, -5*s - 2*l + t = 0. What is the units digit of s?
9
Suppose 125 = -2*d + 3*d. Let s(w) = -w**3 + 5*w**2 + 6*w + 4. Let g be s(6). Suppose 2*z + 41 = a, -2*z + d = g*a + 3*z. What is the units digit of a?
5
Suppose -8*g - 2*j = -3*g + 78, 4*g = -5*j - 76. What is the units digit of 1 + (g/(-84) - (-6934)/12)?
9
Let t(y) = 4*y**3 + 15*y**2 - 8*y + 59. What is the hundreds digit of t(10)?
4
Suppose g + 78343 = 5*w, 4*g = -2*w - 585 + 31953. What is the ten thousands digit of w?
1
Let c(v) = 5*v + 6251. What is the thousands digit of c(0)?
6
Suppose 10*w + 4*w + 277308 = 50*w. What is the hundreds dig